e
Is 22764197 prime?
True
Is 33736753 prime?
True
Is 5308331953 a composite number?
True
Is 8287451951 composite?
True
Is 868667693 a composite number?
False
Is 11976093995 composite?
True
Is 2643005689 composite?
False
Is 341234827 a composite number?
False
Is 672404101 prime?
True
Is 321813211 a prime number?
False
Is 74837905819 prime?
True
Is 1738589497 a composite number?
False
Is 13246455329 a composite number?
False
Is 9398508617 prime?
True
Is 14060789669 prime?
True
Is 22720913783 composite?
False
Is 42368728429 composite?
True
Is 193242012949 prime?
True
Is 219828691 composite?
False
Is 1354048253 composite?
False
Is 5024884979 a composite number?
False
Is 37366457971 composite?
False
Is 43788607249 prime?
True
Is 85492123693 prime?
True
Is 3962416961 a composite number?
False
Is 57916429 prime?
True
Is 46739252099 prime?
True
Is 758743129 prime?
False
Is 82452601367 a composite number?
False
Is 1016277131 composite?
True
Is 20183399347 a prime number?
False
Is 6176089991 prime?
True
Is 16633060823 composite?
True
Is 3821082947 composite?
True
Is 1856058989 a composite number?
False
Is 95041333 a composite number?
False
Is 39021930127 a composite number?
False
Is 38818073269 composite?
False
Is 144290359 a composite number?
False
Is 23309070721 composite?
False
Is 4198285739 prime?
False
Is 3681863039 a composite number?
False
Is 1879780007 prime?
False
Is 1379953403 composite?
False
Is 29036516149 a prime number?
False
Is 50586178453 prime?
True
Is 8600466881 prime?
False
Is 75585614243 prime?
False
Is 4614078397 a composite number?
True
Is 5286552699 composite?
True
Is 16681750609 composite?
True
Is 94073923 a prime number?
True
Is 499594747 composite?
False
Is 9937943269 prime?
True
Is 444039971 a composite number?
False
Is 58842263 composite?
True
Is 61186441447 prime?
True
Is 1690001777 prime?
True
Is 700592905 composite?
True
Is 3567522107 composite?
False
Is 2969008387 a prime number?
False
Is 16435555361 a composite number?
False
Is 2661295547 composite?
True
Is 27567444055 prime?
False
Is 4962118073 prime?
False
Is 1006036903 a prime number?
True
Is 14458137649 a prime number?
False
Is 4924314107 composite?
True
Is 284317793 prime?
False
Is 281489639 prime?
False
Is 1456556197 composite?
True
Is 632985589 a composite number?
True
Is 1417726931 a composite number?
False
Is 23929254953 composite?
True
Is 1463329979 a composite number?
True
Is 4634873527 composite?
True
Is 158587993 a composite number?
False
Is 527845063 prime?
True
Is 276405589 a prime number?
False
Is 12379976183 composite?
False
Is 404039477 composite?
False
Is 577827463 a composite number?
False
Is 27011178091 a composite number?
False
Is 2147595691 a composite number?
True
Is 7611664007 a composite number?
True
Is 164488393 composite?
False
Is 31535774 prime?
False
Is 3803758817 a prime number?
True
Is 39667894258 composite?
True
Is 1665969869 a prime number?
True
Is 1003368329 a prime number?
False
Is 26745177049 prime?
False
Is 779713057 a prime number?
False
Is 1211167891 a prime number?
False
Is 10366582159 prime?
True
Is 35661472763 a prime number?
False
Is 1250039139 composite?
True
Is 12653290669 composite?
True
Is 1377551137 composite?
True
Is 221765189 a prime number?
True
Is 1418802043 a prime number?
False
Is 22925657 composite?
True
Is 255181873 a prime number?
False
Is 6597324203 composite?
False
Is 18543504097 composite?
False
Is 6087955723 composite?
False
Is 551580413 a composite number?
False
Is 50231891 a prime number?
True
Is 55428048593 a prime number?
True
Is 17028347417 a composite number?
False
Is 243028739 a prime number?
True
Is 3248751509 composite?
False
Is 175261241 composite?
False
Is 433374491 a composite number?
True
Is 12714149429 a composite number?
True
Is 203706921041 prime?
False
Is 2204923243 composite?
False
Is 154609989401 composite?
True
Is 5396490361 a prime number?
True
Is 147980851 prime?
True
Is 20157847519 a prime number?
False
Is 457158167 prime?
False
Is 3700633409 a prime number?
False
Is 24763190957 prime?
False
Is 4464883541 prime?
True
Is 6880652281 composite?
False
Is 2028654331 prime?
False
Is 2385807233 composite?
True
Is 4644301783 prime?
False
Is 2951200349 composite?
True
Is 2031816907 a prime number?
True
Is 539524591 a prime number?
True
Is 10474161079 a composite number?
False
Is 12669139621 a composite number?
True
Is 158514197 composite?
False
Is 61173379 a composite number?
False
Is 62049879901 composite?
False
Is 3268871863 a composite number?
False
Is 390893215 a composite number?
True
Is 60482423 a composite number?
True
Is 52893900271 prime?
True
Is 156913697 prime?
True
Is 371795551 a prime number?
True
Is 3418055471 prime?
True
Is 10256923319 composite?
True
Is 20418998881 a prime number?
True
Is 25176962887 composite?
True
Is 1512172919 prime?
True
Is 588115547 a prime number?
True
Is 2974540327 prime?
False
Is 2678006497 a prime number?
False
Is 248804957 prime?
True
Is 739349089 composite?
True
Is 9316633 prime?
False
Is 51582109993 prime?
True
Is 63750881 composite?
False
Is 12551859013 a composite number?
False
Is 177343133879 prime?
True
Is 587850581 a composite number?
False
Is 139057307497 composite?
False
Is 1099965809 a composite number?
True
Is 22939455347 a composite number?
False
Is 42629759663 a prime number?
True
Is 336336719 a prime number?
True
Is 361862161 a composite number?
False
Is 3114713209 a composite number?
True
Is 9843625147 prime?
False
Is 73044781 a prime number?
False
Is 341740013 composite?
False
Is 5763373991 composite?
False
Is 372515797 prime?
False
Is 13991546258 composite?
True
Is 4752532142 a composite number?
True
Is 2288944111 composite?
False
Is 58404034181 composite?
True
Is 140826305 prime?
False
Is 33871599667 composite?
False
Is 11662497895 a composite number?
True
Is 10076847113 prime?
True
Is 148405870777 a prime number?
False
Is 1687713649 a prime number?
True
Is 151512703 composite?
False
Is 653052109 a composite number?
True
Is 31992462709 prime?
True
Is 1888115483 a prime number?
False
Is 1506855305 a prime number?
False
Is 161510443 composite?
False
Is 72840764621 a composite number?
False
Is 199132555807 a composite number?
True
Is 930592547 prime?
False
Is 3010390897 prime?
True
Is 6660888257 a composite number?
True
Is 798059 prime?
True
Is 7862812823 prime?
True
Is 633282133 composite?
True
Is 3107410937 a composite number?
True
Is 789030139 a prime number?
True
Is 147499309981 prime?
True
Is 42191642617 prime?
True
Is 2100996127 a composite number?
False
Is 164844710939 a prime number?
True
Is 119075773781 prime?
False
Is 48745010077 composite?
False
Is 2548317329 prime?
False
Is 441453709 a composite number?
False
Is 3037565053 a prime number?
True
Is 74504887 composite?
False
Is 5698484563 prime?
False
Is 101671157 a composite number?
True
Is 7469128391 a prime number?
False
Is 908695961 prime?
False
Is 26735154779 a prime number?
True
Is 1122590939 prime?
True
Is 9809291389 prime?
True
Is 1053313211 a prime number?
True
Is 60380129 a composite number?
True
Is 908999137 prime?
True
Is 21662162563 a composite number?
False
Is 33566526977 composite?
False
Is 23320392545 a prime number?
False
Is 22668269773 composite?
False
Is 8103493687 prime?
False
Is 7519513217 prime?
True
Is 2114956169 a prime number?
False
Is 9466140863 a composite number?
True
Is 4020032951 prime?
False
Is 4163234069 composite?
True
Is 7506448559 a composite number?
True
Is 8685396583 prime?
True
Is 32257237 a prime number?
True
Is 6545517791 a prime number?
False
Is 29935754867 composite?
False
Is 1233036607 a prime number?
False
Is 21221428873 a prime number?
True
Is 48380128571 a prime number?
True
Is 4084009337 prime?
False
Is 79613467393 a composite number?
True
Is 1580262443 a prime number?
True
Is 321071339 a prime number?
False
Is 226697399 a composite number?
False
Is 19066608499 composite?
True
Is 1893286739 a prime number?
True
Is 790970179 a prime number?
True
Is 1651865399 prime?
True
Is 1979264519 composite?
True
Is 9237455839 prime?
True
Is 10684281281 prime?
False
Is 114562061329 a composite number?
False
Is 560186477 prime?
True
Is 7254024851 composite?
True
Is 25045675181 a composite number?
False
Is 376546279 a prime number?
False
Is 1892